{"id":3761,"date":"2026-01-23T15:56:32","date_gmt":"2026-01-23T14:56:32","guid":{"rendered":"https:\/\/heimatfreunde-welschbillig.de\/?page_id=3761"},"modified":"2026-01-23T19:18:36","modified_gmt":"2026-01-23T18:18:36","slug":"aktive-mitarbeit","status":"publish","type":"page","link":"https:\/\/heimatfreunde-welschbillig.de\/?page_id=3761","title":{"rendered":"Aktive Mitarbeit"},"content":{"rendered":"\n<figure class=\"wp-block-image size-large\"><a href=\"https:\/\/heimatfreunde-welschbillig.de\/wp-content\/uploads\/2024\/12\/MaiHeimat-074-scaled.jpg\"><img loading=\"lazy\" width=\"1024\" height=\"768\" src=\"https:\/\/heimatfreunde-welschbillig.de\/wp-content\/uploads\/2024\/12\/MaiHeimat-074-1024x768.jpg\" alt=\"\" class=\"wp-image-3588\" srcset=\"https:\/\/heimatfreunde-welschbillig.de\/wp-content\/uploads\/2024\/12\/MaiHeimat-074-1024x768.jpg 1024w, https:\/\/heimatfreunde-welschbillig.de\/wp-content\/uploads\/2024\/12\/MaiHeimat-074-300x225.jpg 300w, https:\/\/heimatfreunde-welschbillig.de\/wp-content\/uploads\/2024\/12\/MaiHeimat-074-768x576.jpg 768w, https:\/\/heimatfreunde-welschbillig.de\/wp-content\/uploads\/2024\/12\/MaiHeimat-074-1536x1152.jpg 1536w, https:\/\/heimatfreunde-welschbillig.de\/wp-content\/uploads\/2024\/12\/MaiHeimat-074-2048x1536.jpg 2048w\" sizes=\"(max-width: 1024px) 100vw, 1024px\" \/><\/a><\/figure>\n\n\n\n<p>Um bei den Heimatfreunden Welschbillig aktiv mitzuarbeiten bieten sich mehrere M\u00f6glichkeiten an.<\/p>\n\n\n\n<h2>Aktive Mitarbeit Rentner<\/h2>\n\n\n\n<p><br>Unsere aktiven Eins\u00e4tze finden jeweils Donnerstags zwischen 9:00 und 12:00 Uhr statt. Im Sommer beginnen wir bereits um 8:30 Uhr. Obwohl die Teilnahme f\u00fcr jedes Mitglied absolut freiwillig ist, hat sich mittlerweile ein Kern von etwa 6 bis 8 Personen gebildet, die jeden Donnerstagmorgen zu unserem Treffpunkt in der Helenenberger Stra\u00dfe 9A kommen. Neben der Arbeit bleibt auch noch Zeit zum Schw\u00e4tzen in der Runde. Bei Regenwetter auch gerne bei einem ausgedehnten Fr\u00fchst\u00fcck. Neumitglieder werden gerne gesehen.&nbsp;<\/p>\n\n\n\n<h2>Aktive Mitarbeit Berufst\u00e4tige<\/h2>\n\n\n\n<p><br>Erfreulich ist, dass unsere Gruppe an jungen Helfer erneut Zuwachs erhalten hat. Dadurch verschiebt sich einmal im Monat der Arbeitseinsatz vom ersten Donnerstag auf den ersten Samstag im Monat. <br><br>Es haben sich aus dieser Gruppe auch Leute gemeldet, welche \u00f6fters wie nur einmal im Monat helfen wollen. Dazu hat Danny eine Untergruppe &#8222;Heimatfreunde Welschbillig u60&#8220; gebildet, in welcher sich diese abstimmen. Diese k\u00f6nnen dann auch mal abends nach Feierabend t\u00e4tig werden. Bei Berufst\u00e4tigen ist auch der Samstag manchmal schwer umzusetzen. Diese k\u00f6nnen dann vielleicht auch mal abends in dieser &#8222;u60&#8220; (steht f\u00fcr &#8222;unter 60&#8220;)-Gruppe t\u00e4tig werden.<\/p>\n\n\n\n<p>F\u00fcr unseren Traktor haben wir jetzt eine Unterstellm\u00f6glichkeit in der Malteserhalle gefunden, welche trocken, beleuchtet und geheizt ist. Diese Halle ist recht gro\u00df. Hier kann man also auch nach Feierabend in der Winterzeit noch arbeiten. Die Relaxb\u00e4nke vom Geider Berg konnten wir zum Beispiel hier unterstellen, sodass wir auch bei schlechtem Wetter diese in der Winterzeit instand setzen k\u00f6nnen.<br><br><\/p>\n\n\n\n<h2>Informationsaustausch<\/h2>\n\n\n\n<p>Der Austausch von Informationen zu unserer Arbeit geschieht weitestgehend \u00fcber unsere Whatsapp-Gruppe &#8222;HFYou&#8220;. Hier werden vorgesehene Arbeiten dargestellt und teilweise auch die Ergebnisse gezeigt. Diese Gruppe umfasst zurzeit 34 Mitglieder. Willst du Mitglied dieser Gruppe werden dann bitte eine Mail an &#8222;Heimatfreunde-Welschbillig@on22.de&#8220; senden oder jemanden aus der Gruppe ansprechen.<\/p>\n","protected":false},"excerpt":{"rendered":"<p>Um bei den Heimatfreunden Welschbillig aktiv mitzuarbeiten bieten sich mehrere M\u00f6glichkeiten an. Aktive Mitarbeit Rentner Unsere aktiven Eins\u00e4tze finden jeweils Donnerstags zwischen 9:00 und 12:00 Uhr statt. Im Sommer beginnen wir bereits um 8:30 Uhr. Obwohl die Teilnahme f\u00fcr jedes Mitglied absolut freiwillig ist, hat sich mittlerweile ein Kern von etwa 6 bis 8 Personen [&hellip;]<\/p>\n","protected":false},"author":2,"featured_media":0,"parent":0,"menu_order":0,"comment_status":"closed","ping_status":"closed","template":"","meta":[],"_links":{"self":[{"href":"https:\/\/heimatfreunde-welschbillig.de\/index.php?rest_route=\/wp\/v2\/pages\/3761"}],"collection":[{"href":"https:\/\/heimatfreunde-welschbillig.de\/index.php?rest_route=\/wp\/v2\/pages"}],"about":[{"href":"https:\/\/heimatfreunde-welschbillig.de\/index.php?rest_route=\/wp\/v2\/types\/page"}],"author":[{"embeddable":true,"href":"https:\/\/heimatfreunde-welschbillig.de\/index.php?rest_route=\/wp\/v2\/users\/2"}],"replies":[{"embeddable":true,"href":"https:\/\/heimatfreunde-welschbillig.de\/index.php?rest_route=%2Fwp%2Fv2%2Fcomments&post=3761"}],"version-history":[{"count":7,"href":"https:\/\/heimatfreunde-welschbillig.de\/index.php?rest_route=\/wp\/v2\/pages\/3761\/revisions"}],"predecessor-version":[{"id":3772,"href":"https:\/\/heimatfreunde-welschbillig.de\/index.php?rest_route=\/wp\/v2\/pages\/3761\/revisions\/3772"}],"wp:attachment":[{"href":"https:\/\/heimatfreunde-welschbillig.de\/index.php?rest_route=%2Fwp%2Fv2%2Fmedia&parent=3761"}],"curies":[{"name":"wp","href":"https:\/\/api.w.org\/{rel}","templated":true}]}}